{"id":3412,"date":"2020-11-18T11:19:21","date_gmt":"2020-11-18T10:19:21","guid":{"rendered":"https:\/\/bajecznyspa.pl\/sklep\/?post_type=product&#038;p=3412"},"modified":"2025-05-20T19:28:38","modified_gmt":"2025-05-20T17:28:38","slug":"serum-healthy-skin-30-ml","status":"publish","type":"product","link":"https:\/\/bajecznyspa.pl\/sklep\/produkt\/serum-healthy-skin-30-ml\/","title":{"rendered":"Serum Healthy Skin 30 ml"},"content":{"rendered":"<p>Polski system hodowlany i bezpieczny dla \u015blimak\u00f3w podczas pozyskiwania \u015bluzu, co wp\u0142ywa bezpo\u015brednio na klarowno\u015b\u0107 i brak zapachu tego surowca. Dzi\u0119ki temu\u00a0 produkty Healthy Skin zawieraj\u0105 98,2 % filtratu \u015bluzu \u015blimaka (snail secretion filtrate), a jako\u015b\u0107 produkt\u00f3w jest potwierdzona badaniami laboratoryjnymi i klinicznymi.<\/p>\n<p>Serum Healthy Skin jest\u00a0 produktem naturalnym, przeznaczonym do codziennej piel\u0119gnacji sk\u00f3ry r\u00f3\u017cnego typu, a zw\u0142aszcza sk\u00f3ry problematycznej. Posiada w\u0142a\u015bciwo\u015bci nawil\u017caj\u0105ce, koj\u0105ce, regeneruj\u0105ce, \u0142agodzi podra\u017cnienia sk\u00f3ry, wyg\u0142adza, poprawia elastyczno\u015b\u0107, zapobiega wysuszaniu sk\u00f3ry, dzia\u0142a przeciwzapalnie. Reguluje odnow\u0119 kom\u00f3rkow\u0105, przyczyniaj\u0105c si\u0119 do regeneracji i odnowy sk\u00f3ry os\u00f3b z \u0142uszczyc\u0105, egzem\u0105, atopi\u0105, bliznami pooparzeniowymi, zanikowymi, zadrapaniami i wieloma innymi schorzeniami i uszkodzeniami sk\u00f3rnymi.<\/p>\n<p>Intensywnie piel\u0119gnuje i regeneruje sk\u00f3r\u0119,<br \/>\npowoduje popraw\u0119 kolorytu,<br \/>\njest odpowiedni dla ka\u017cdego rodzaju sk\u00f3ry,<br \/>\ndzia\u0142a przeciwzapalnie i przeciw\u015bwi\u0105dowo,<br \/>\nprzywraca hydrolipidowy p\u0142aszcz sk\u00f3ry,<br \/>\nregularnie stosowany wp\u0142ywa korzystnie na ust\u0119powanie istniej\u0105cych zmian sk\u00f3rnych.<\/p>\n","protected":false},"excerpt":{"rendered":"<p>Polski system hodowlany i bezpieczny dla \u015blimak\u00f3w podczas pozyskiwania \u015bluzu, co wp\u0142ywa bezpo\u015brednio na klarowno\u015b\u0107 i brak zapachu tego surowca. Dzi\u0119ki temu\u00a0 produkty Healthy Skin zawieraj\u0105 98,2 % filtratu \u015bluzu \u015blimaka (snail secretion filtrate), a jako\u015b\u0107 produkt\u00f3w jest potwierdzona badaniami laboratoryjnymi i klinicznymi. Serum Healthy Skin jest\u00a0 produktem naturalnym, przeznaczonym do codziennej piel\u0119gnacji sk\u00f3ry r\u00f3\u017cnego [&hellip;]<\/p>\n","protected":false},"featured_media":3413,"comment_status":"open","ping_status":"closed","template":"","meta":{"site-sidebar-layout":"default","site-content-layout":"default","ast-site-content-layout":"default","site-content-style":"default","site-sidebar-style":"default","ast-global-header-display":"","ast-banner-title-visibility":"","ast-main-header-display":"","ast-hfb-above-header-display":"","ast-hfb-below-header-display":"","ast-hfb-mobile-header-display":"","site-post-title":"","ast-breadcrumbs-content":"","ast-featured-img":"","footer-sml-layout":"","ast-disable-related-posts":"","theme-transparent-header-meta":"default","adv-header-id-meta":"","stick-header-meta":"","header-above-stick-meta":"","header-main-stick-meta":"","header-below-stick-meta":"","astra-migrate-meta-layouts":"set","ast-page-background-enabled":"default","ast-page-background-meta":{"desktop":{"background-color":"","background-image":"","background-repeat":"repeat","background-position":"center center","background-size":"auto","background-attachment":"scroll","background-type":"","background-media":"","overlay-type":"","overlay-color":"","overlay-opacity":"","overlay-gradient":""},"tablet":{"background-color":"","background-image":"","background-repeat":"repeat","background-position":"center center","background-size":"auto","background-attachment":"scroll","background-type":"","background-media":"","overlay-type":"","overlay-color":"","overlay-opacity":"","overlay-gradient":""},"mobile":{"background-color":"","background-image":"","background-repeat":"repeat","background-position":"center center","background-size":"auto","background-attachment":"scroll","background-type":"","background-media":"","overlay-type":"","overlay-color":"","overlay-opacity":"","overlay-gradient":""}},"ast-content-background-meta":{"desktop":{"background-color":"var(--ast-global-color-5)","background-image":"","background-repeat":"repeat","background-position":"center center","background-size":"auto","background-attachment":"scroll","background-type":"","background-media":"","overlay-type":"","overlay-color":"","overlay-opacity":"","overlay-gradient":""},"tablet":{"background-color":"var(--ast-global-color-5)","background-image":"","background-repeat":"repeat","background-position":"center center","background-size":"auto","background-attachment":"scroll","background-type":"","background-media":"","overlay-type":"","overlay-color":"","overlay-opacity":"","overlay-gradient":""},"mobile":{"background-color":"var(--ast-global-color-5)","background-image":"","background-repeat":"repeat","background-position":"center center","background-size":"auto","background-attachment":"scroll","background-type":"","background-media":"","overlay-type":"","overlay-color":"","overlay-opacity":"","overlay-gradient":""}},"wds_primary_product_brand":0,"wds_primary_product_cat":0},"product_brand":[],"product_cat":[23],"product_tag":[80,79,78,77,75,62,76],"class_list":{"0":"post-3412","1":"product","2":"type-product","3":"status-publish","4":"has-post-thumbnail","6":"product_cat-twarz","7":"product_tag-atopia","8":"product_tag-blizny","9":"product_tag-egzema","10":"product_tag-luszczyca","11":"product_tag-produkt-naturalny","12":"product_tag-serum","13":"product_tag-sluz-slimaka","14":"desktop-align-left","15":"tablet-align-left","16":"mobile-align-left","18":"first","19":"instock","20":"shipping-taxable","21":"purchasable","22":"product-type-simple"},"_links":{"self":[{"href":"https:\/\/bajecznyspa.pl\/sklep\/wp-json\/wp\/v2\/product\/3412","targetHints":{"allow":["GET"]}}],"collection":[{"href":"https:\/\/bajecznyspa.pl\/sklep\/wp-json\/wp\/v2\/product"}],"about":[{"href":"https:\/\/bajecznyspa.pl\/sklep\/wp-json\/wp\/v2\/types\/product"}],"replies":[{"embeddable":true,"href":"https:\/\/bajecznyspa.pl\/sklep\/wp-json\/wp\/v2\/comments?post=3412"}],"wp:featuredmedia":[{"embeddable":true,"href":"https:\/\/bajecznyspa.pl\/sklep\/wp-json\/wp\/v2\/media\/3413"}],"wp:attachment":[{"href":"https:\/\/bajecznyspa.pl\/sklep\/wp-json\/wp\/v2\/media?parent=3412"}],"wp:term":[{"taxonomy":"product_brand","embeddable":true,"href":"https:\/\/bajecznyspa.pl\/sklep\/wp-json\/wp\/v2\/product_brand?post=3412"},{"taxonomy":"product_cat","embeddable":true,"href":"https:\/\/bajecznyspa.pl\/sklep\/wp-json\/wp\/v2\/product_cat?post=3412"},{"taxonomy":"product_tag","embeddable":true,"href":"https:\/\/bajecznyspa.pl\/sklep\/wp-json\/wp\/v2\/product_tag?post=3412"}],"curies":[{"name":"wp","href":"https:\/\/api.w.org\/{rel}","templated":true}]}}