{"id":3566,"date":"2020-11-23T22:24:20","date_gmt":"2020-11-23T21:24:20","guid":{"rendered":"https:\/\/bajecznyspa.pl\/sklep\/?post_type=product&#038;p=3566"},"modified":"2023-02-20T19:26:48","modified_gmt":"2023-02-20T18:26:48","slug":"skinflex-kremo-maska-do-dloni-z-maslem-shea-i-goji","status":"publish","type":"product","link":"https:\/\/bajecznyspa.pl\/sklep\/produkt\/skinflex-kremo-maska-do-dloni-z-maslem-shea-i-goji\/","title":{"rendered":"SKINFLEX\u00ae Kremo-maska do d\u0142oni z adaptogenami i colostrum"},"content":{"rendered":"<p><strong>Rodzaj piel\u0119gnacji: \u00a0<\/strong>Piel\u0119gnacja sk\u00f3ry suchej, pop\u0119kanej i odwodnionej<\/p>\n<p><strong>Wskazania:<\/strong><br \/>\nBardzo sucha, szorstka i zniszczona sk\u00f3ra d\u0142oni.\u00a0<strong>Polecana dla diabetyk\u00f3w.<\/strong><\/p>\n<p><strong>Dzia\u0142anie:<\/strong><br \/>\nWyj\u0105tkowe po\u0142\u0105czenie naturalnych t\u0142uszczy z mas\u0142a shea, lanoliny, oleju sojowego daje natychmiastowy efekt g\u0142\u0119bokiego nawil\u017cenia. Dzi\u0119ki obecno\u015bci prowitaminy B5 i witaminy E sk\u00f3ra staje si\u0119 elastyczna i odporna na podra\u017cnienia. Preparat zawiera ekstrakt z owoc\u00f3w goji bogaty w witaminy C i B. Dodatkowo zwalcza dzia\u0142anie wolnych rodnik\u00f3w, chroni i od\u017cywia. Obecno\u015b\u0107 alantoiny wspomaga odnow\u0119 uszkodzonego nask\u00f3rka.<\/p>\n<p><strong>Spos\u00f3b u\u017cycia:<\/strong><br \/>\nPreparat nanie\u015b\u0107 na d\u0142onie nast\u0119pnie wmasowa\u0107 a\u017c do ca\u0142kowitego wch\u0142oni\u0119cia.<\/p>\n<p><strong>Pojemno\u015b\u0107:<\/strong>\u00a075 ml<\/p>\n","protected":false},"excerpt":{"rendered":"<p>Rodzaj piel\u0119gnacji: \u00a0Piel\u0119gnacja sk\u00f3ry suchej, pop\u0119kanej i odwodnionej Wskazania: Bardzo sucha, szorstka i zniszczona sk\u00f3ra d\u0142oni.\u00a0Polecana dla diabetyk\u00f3w. Dzia\u0142anie: Wyj\u0105tkowe po\u0142\u0105czenie naturalnych t\u0142uszczy z mas\u0142a shea, lanoliny, oleju sojowego daje natychmiastowy efekt g\u0142\u0119bokiego nawil\u017cenia. Dzi\u0119ki obecno\u015bci prowitaminy B5 i witaminy E sk\u00f3ra staje si\u0119 elastyczna i odporna na podra\u017cnienia. Preparat zawiera ekstrakt z owoc\u00f3w goji [&hellip;]<\/p>\n","protected":false},"featured_media":0,"comment_status":"open","ping_status":"closed","template":"","meta":{"site-sidebar-layout":"default","site-content-layout":"default","ast-site-content-layout":"default","site-content-style":"default","site-sidebar-style":"default","ast-global-header-display":"","ast-banner-title-visibility":"","ast-main-header-display":"","ast-hfb-above-header-display":"","ast-hfb-below-header-display":"","ast-hfb-mobile-header-display":"","site-post-title":"","ast-breadcrumbs-content":"","ast-featured-img":"","footer-sml-layout":"","ast-disable-related-posts":"","theme-transparent-header-meta":"default","adv-header-id-meta":"","stick-header-meta":"","header-above-stick-meta":"","header-main-stick-meta":"","header-below-stick-meta":"","astra-migrate-meta-layouts":"default","ast-page-background-enabled":"default","ast-page-background-meta":{"desktop":{"background-color":"","background-image":"","background-repeat":"repeat","background-position":"center center","background-size":"auto","background-attachment":"scroll","background-type":"","background-media":"","overlay-type":"","overlay-color":"","overlay-opacity":"","overlay-gradient":""},"tablet":{"background-color":"","background-image":"","background-repeat":"repeat","background-position":"center center","background-size":"auto","background-attachment":"scroll","background-type":"","background-media":"","overlay-type":"","overlay-color":"","overlay-opacity":"","overlay-gradient":""},"mobile":{"background-color":"","background-image":"","background-repeat":"repeat","background-position":"center center","background-size":"auto","background-attachment":"scroll","background-type":"","background-media":"","overlay-type":"","overlay-color":"","overlay-opacity":"","overlay-gradient":""}},"ast-content-background-meta":{"desktop":{"background-color":"var(--ast-global-color-5)","background-image":"","background-repeat":"repeat","background-position":"center center","background-size":"auto","background-attachment":"scroll","background-type":"","background-media":"","overlay-type":"","overlay-color":"","overlay-opacity":"","overlay-gradient":""},"tablet":{"background-color":"var(--ast-global-color-5)","background-image":"","background-repeat":"repeat","background-position":"center center","background-size":"auto","background-attachment":"scroll","background-type":"","background-media":"","overlay-type":"","overlay-color":"","overlay-opacity":"","overlay-gradient":""},"mobile":{"background-color":"var(--ast-global-color-5)","background-image":"","background-repeat":"repeat","background-position":"center center","background-size":"auto","background-attachment":"scroll","background-type":"","background-media":"","overlay-type":"","overlay-color":"","overlay-opacity":"","overlay-gradient":""}},"wds_primary_product_brand":0,"wds_primary_product_cat":0},"product_brand":[],"product_cat":[32],"product_tag":[60,39,53,35,41,57],"class_list":{"0":"post-3566","1":"product","2":"type-product","3":"status-publish","5":"product_cat-dlonieistopy","6":"product_tag-dlonie","7":"product_tag-krem","8":"product_tag-maska","9":"product_tag-podopharm","10":"product_tag-skora-popekana","11":"product_tag-skora-sucha-i-szorstka","12":"desktop-align-left","13":"tablet-align-left","14":"mobile-align-left","16":"first","17":"instock","18":"shipping-taxable","19":"purchasable","20":"product-type-simple"},"_links":{"self":[{"href":"https:\/\/bajecznyspa.pl\/sklep\/wp-json\/wp\/v2\/product\/3566","targetHints":{"allow":["GET"]}}],"collection":[{"href":"https:\/\/bajecznyspa.pl\/sklep\/wp-json\/wp\/v2\/product"}],"about":[{"href":"https:\/\/bajecznyspa.pl\/sklep\/wp-json\/wp\/v2\/types\/product"}],"replies":[{"embeddable":true,"href":"https:\/\/bajecznyspa.pl\/sklep\/wp-json\/wp\/v2\/comments?post=3566"}],"wp:attachment":[{"href":"https:\/\/bajecznyspa.pl\/sklep\/wp-json\/wp\/v2\/media?parent=3566"}],"wp:term":[{"taxonomy":"product_brand","embeddable":true,"href":"https:\/\/bajecznyspa.pl\/sklep\/wp-json\/wp\/v2\/product_brand?post=3566"},{"taxonomy":"product_cat","embeddable":true,"href":"https:\/\/bajecznyspa.pl\/sklep\/wp-json\/wp\/v2\/product_cat?post=3566"},{"taxonomy":"product_tag","embeddable":true,"href":"https:\/\/bajecznyspa.pl\/sklep\/wp-json\/wp\/v2\/product_tag?post=3566"}],"curies":[{"name":"wp","href":"https:\/\/api.w.org\/{rel}","templated":true}]}}